 17, 19, 67
List the prime factors of 3030768.
2, 3, 13, 1619
List the prime factors of 1037908.
2, 313, 829
What are the prime factors of 5187611?
11, 13, 36277
List the prime factors of 25350497.
25350497
What are the prime factors of 14218619?
37, 384287
What are the prime factors of 3360118?
2, 17, 37, 2671
What are the prime factors of 3761698?
2, 1880849
List the prime factors of 358.
2, 179
List the prime factors of 22133804.
2, 7, 11, 47, 139
What are the prime factors of 1379984?
2, 86249
What are the prime factors of 11830127?
31, 359, 1063
What are the prime factors of 10142547?
3, 29, 73, 1597
What are the prime factors of 135612?
2, 3, 3767
List the prime factors of 133843.
133843
What are the prime factors of 511092?
2, 3, 14197
List the prime factors of 105651.
3, 7, 13, 43
What are the prime factors of 5041207?
5041207
List the prime factors of 3881595.
3, 5, 23, 11251
What are the prime factors of 3089584?
2, 31, 6229
List the prime factors of 19012.
2, 7, 97
What are the prime factors of 24603103?
7, 3514729
List the prime factors of 201579.
3, 7, 29, 331
What are the prime factors of 788691?
3, 262897
What are the prime factors of 960694?
2, 7, 9803
What are the prime factors of 1314537?
3, 7, 62597
What are the prime factors of 332826?
2, 3, 13, 17, 251
What are the prime factors of 6231570?
2, 3, 5, 207719
What are the prime factors of 131335?
5, 26267
List the prime factors of 37459.
47, 797
List the prime factors of 26764531.
97, 275923
List the prime factors of 574677.
3, 63853
What are the prime factors of 104333?
101, 1033
List the prime factors of 24319182.
2, 3, 113, 35869
List the prime factors of 20178.
2, 3, 19, 59
What are the prime factors of 12214523?
12214523
What are the prime factors of 18865849?
2711, 6959
What are the prime factors of 792205?
5, 19, 31, 269
What are the prime factors of 253705?
5, 50741
List the prime factors of 6614343.
3, 17, 2543
List the prime factors of 4037736.
2, 3, 37, 4547
List the prime factors of 162325.
5, 43, 151
What are the prime factors of 3166037?
7, 64613
List the prime factors of 2062512.
2, 3, 14323
List the prime factors of 7123092.
2, 3, 37, 61, 263
List the prime factors of 272147.
43, 6329
List the prime factors of 4469180.
2, 5, 19, 619
What are the prime factors of 8780359?
7, 29, 37, 167
What are the prime factors of 498539?
29, 17191
What are the prime factors of 16749359?
11, 23, 239, 277
List the prime factors of 15669407.
13, 1205339
List the prime factors of 16677815.
5, 7, 11, 43319
List the prime factors of 52896.
2, 3, 19, 29
List the prime factors of 2583977.
11, 234907
What are the prime factors of 19378917?
3, 19, 113327
What are the prime factors of 576124?
2, 144031
What are the prime factors of 1134181?
113, 10037
What are the prime factors of 10702365?
3, 5, 713491
List the prime factors of 44726.
2, 11, 19, 107
List the prime factors of 716368.
2, 44773
List the prime factors of 6279115.
5, 23, 54601
List the prime factors of 30093251.
67, 449153
List the prime factors of 743881.
743881
List the prime factors of 23730.
2, 3, 5, 7, 113
What are the prime factors of 11808665?
5, 11, 53, 4051
What are the prime factors of 751375?
5, 6011
List the prime factors of 21653311.
21653311
What are the prime factors of 1177048?
2, 23, 6397
List the prime factors of 3207725.
5, 31, 4139
List the prime factors of 185637.
3, 61879
What are the prime factors of 7128274?
2, 3564137
What are the prime factors of 40417?
13, 3109
What are the prime factors of 451088?
2, 11, 233
List the prime factors of 246427.
83, 2969
List the prime factors of 8676782.
2, 4338391
List the prime factors of 129746.
2, 29, 2237
List the prime factors of 934582.
2, 11, 23, 1847
What are the prime factors of 883417?
263, 3359
What are the prime factors of 202244?
2, 7, 31, 233
List the prime factors of 73851.
3, 103, 239
What are the prime factors of 8067752?
2, 7, 11, 1871
List the prime factors of 3839983.
7, 78367
What are the prime factors of 2365980?
2, 3, 5, 47, 839
List the prime factors of 6195688.
2, 137, 5653
List the prime factors of 98281.
29, 3389
List the prime factors of 2608689.
3, 869563
List the prime factors of 244588.
2, 47, 1301
List the prime factors of 144838.
2, 139, 521
What are the prime factors of 1935986?
2, 13, 19, 3919
List the prime factors of 28626524.
2, 7156631
List the prime factors of 3783972.
2, 3, 41, 7691
List the prime factors of 1236054.
2, 3, 206009
List the prime factors of 1799027.
173, 10399
List the prime factors of 262933.
11, 41, 53
List the prime factors of 3923907.
3, 13, 100613
List the prime factors of 170762.
2, 85381
List the prime factors of 58405.
5, 11681
List the prime factors of 55212.
2, 3, 43, 107
What are the prime factors of 144173?
144173
What are the prime factors of 134826?
2, 3, 23, 977
What are the prime factors of 5246606?
2, 41, 109, 587
What are the prime factors of 143128?
2, 17891
What are the prime factors of 393195?
3, 5, 11, 2383
List the prime factors of 10517657.
37, 284261
What are the prime factors of 21251595?
3, 5, 19, 74567
List the prime factors of 1239531.
3, 47, 59, 149
List the prime factors of 55752.
2, 3, 23, 101
What are the prime factors of 2163920?
2, 5, 11, 2459
What are the prime factors of 322607?
322607
What are the prime factors of 26374787?
26374787
List the prime factors of 3707869.
11, 19, 113, 157
List the prime factors of 1946343.
3, 7, 92683
List the prime factors of 576719.
11, 13, 37, 109
What are the prime factors of 227411?
19, 11969
What are the prime factors of 2640246?
2, 3, 7, 37, 1699
List the prime factors of 18681744.
2, 3, 37, 67, 157
List the prime factors of 13461508.
2, 3365377
List the prime factors of 305206.
2, 11, 13873
List the prime factors of 135835.
5, 7, 3881
What are the prime factors of 3023777?
67, 45131
What are the prime factors of 11512537?
19, 521, 1163
List the prime factors of 581034.
2, 3, 179, 541
List the prime factors of 3669681.
3, 1103, 1109
List the prime factors of 8330408.
2, 17, 61253
What are the prime factors of 21056983?
23, 569, 1609
What are the prime factors of 1258509?
3, 7, 59929
List the prime factors of 1447505.
5, 23, 41, 307
List the prime factors of 1209784.
2, 97, 1559
List the prime factors of 945633.
3, 13, 24247
What are the prime factors of 9666670?
2, 5, 13, 23, 53, 61
List the prime factors of 4196098.
2, 31, 67679
What are the prime factors of 207235?
5, 7, 31, 191
List the prime factors of 2126032.
2, 89, 1493
What are the prime factors of 20842424?
2, 2605303
What are the prime factors of 13337373?
3, 7, 19, 33427
What are the prime factors of 238518?
2, 3, 7, 631
List the prime factors of 3385313.
3385313
List the prime factors of 2057834.
2, 191, 5387
What are the prime factors of 13574?
2, 11, 617
What are the prime factors of 3630963?
3, 7, 43, 4021
What are the prime factors of 11536325?
5, 19, 149, 163
What are the prime factors of 54927?
3, 17, 359
List the prime factors of 23345682.
2, 3, 197, 19751
What are the prime factors of 25777423?
7, 17, 216617
List the prime factors of 77275.
5, 11, 281
List the prime factors of 395633.
7, 56519
List the prime factors of 4310273.
11, 83, 4721
List the prime factors of 331748.
2, 197, 421
List the prime factors of 1657837.
137, 12101
What are the prime factors of 1637241?
3, 545747
List the prime factors of 3544544.
2, 257, 431
What are the prime factors of 3292532?
2, 433, 1901
What are the prime factors of 52398?
2, 3, 41, 71
What are the prime factors of 1351749?
3, 7, 59, 1091
What are the prime factors of 1111560?
2, 3, 5, 59, 157
What are the prime factors of 4427135?
5, 885427
List the prime factors of 18557.
7, 11, 241
What are the prime factors of 2120978?
2, 419, 2531
List the prime factors of 2145371.
23, 37, 2521
List the prime factors of 1411356.
2, 3, 337, 349
List the prime factors of 11959594.
2, 5979797
List the prime factors of 1044300.
2, 3, 5, 59
List the prime factors of 1144471.
613, 1867
What are the prime factors of 16645257?
3, 43, 59
What are the prime factors of 2228235?
3, 5, 148549
What are the prime factors of 385841?
241, 1601
What are the prime factors of 4459058?
2, 1223, 1823
List the prime factors of 183004.
2, 45751
List the prim